 16
1a57e5
What is -1220240 (base 5) in base 6?
-255215
Convert 147913 (base 10) to base 7.
1154143
Convert -313be9 (base 15) to base 8.
-10735301
Convert 57549 (base 15) to base 13.
99684
Convert -1724240 (base 8) to base 2.
-1111010100010100000
What is -30630621 (base 7) in base 10?
-2578983
What is -46515 (base 9) in base 12?
-15b65
Convert -2146e (base 16) to base 5.
-13330202
-9339b0 (base 14) to base 15
-681544
What is 1405636 (base 7) in base 16?
2da21
Convert 46536444 (base 8) to base 14.
14bd988
What is 548826 (base 14) in base 11?
1688582
-1c414c (base 16) to base 5
-433223344
Convert 13424144 (base 5) to base 3.
21002002020
What is 12242302 (base 5) in base 13?
41bb9
Convert 2201202100 (base 3) to base 13.
1b61b
What is 11c1bd (base 16) in base 12?
481539
6446184 (base 9) to base 13
93cb59
978400 (base 12) to base 6
123230400
24303320 (base 5) to base 13
80076
57583a (base 11) to base 3
1201111201000
Convert -39aca6 (base 15) to base 5.
-1202122411
Convert -655158 (base 14) to base 6.
-201325334
What is -160218 (base 10) in base 12?
-78876
1001010011001010010 (base 2) to base 12
128416
-1033130 (base 7) to base 14
-33c87
What is 9708e (base 16) in base 9?
1142545
142392 (base 11) to base 7
1615251
What is -21122221200 (base 3) in base 5?
-14311432
-3c076b (base 15) to base 6
-141515045
-1302233 (base 4) to base 5
-213333
What is -2325144 (base 6) in base 11?
-82493
101328 (base 9) to base 6
1141555
Convert 31136 (base 12) to base 11.
441a3
What is 13507778 (base 9) in base 6?
355045542
9a0d5 (base 15) to base 16
77867
Convert -5478253 (base 9) to base 3.
-12112122021210
Convert 111000111000001001 (base 2) to base 8.
707011
What is -202021233 (base 4) in base 2?
-100010001001101111
What is 155000 (base 6) in base 8?
35750
Convert 320301000 (base 4) to base 15.
48d5c
-1433122 (base 6) to base 12
-3b7a2
What is -110a433 (base 11) in base 6?
-105415150
Convert 10103323101 (base 4) to base 2.
100010011111011010001
214343 (base 6) to base 12
a3b3
What is 167828 (base 12) in base 16?
5e5e0
200521 (base 10) to base 12
98061
What is 29291 (base 10) in base 14?
a963
Convert 27404262 (base 8) to base 7.
103244536
What is 1110100110101011 (base 2) in base 13?
212c6
What is -a02323 (base 15) in base 3?
-112022011220020
11111010110000011101001 (base 2) to base 7
126561466
470b2 (base 15) to base 8
671764
1031131321 (base 4) to base 16
4d779
-2061516 (base 7) to base 11
-161070
What is -18605218 (base 9) in base 16?
-8f51e7
Convert -5a334 (base 12) to base 3.
-20011120111
Convert 14234231 (base 5) to base 11.
a2202
-46cb0 (base 14) to base 7
-1316210
-22222243 (base 5) to base 9
-326835
What is -111111101010110000 (base 2) in base 16?
-3fab0
200222110010110 (base 3) to base 6
1000104533
-1000000210111121 (base 3) to base 11
-8121362
What is -1304141223 (base 5) in base 6?
-152235505
Convert -11000000001001010011 (base 2) to base 13.
-2172c7
-5442 (base 11) to base 15
-21e0
-94053 (base 10) to base 2
-10110111101100101
268845 (base 9) to base 10
163985
-1164818 (base 10) to base 11
-726166
Convert 1132211100 (base 4) to base 12.
168240
What is -101111011011100100100000 (base 2) in base 15?
-11590d1
Convert 10532434 (base 6) to base 14.
85b70
-274179 (base 10) to base 16
-42f03
Convert 5836077 (base 9) to base 3.
12221020002121
What is 82a7aa (base 11) in base 4?
11011023333
What is 24143525 (base 6) in base 3?
1102121221022
Convert -10c3c5a (base 13) to base 3.
-100202002012111
-526006 (base 15) to base 5
-2000342011
What is -4a0181 (base 11) in base 7?
-6502416
What is 4a1548 (base 12) in base 3?
2021020012202
What is -35b093 (base 16) in base 9?
-6552557
Convert -200200012202012 (base 3) to base 11.
-5669402
What is 10303332331 (base 4) in base 13?
352267
12b8a0b (base 12) to base 13
a0654a
-164220200 (base 7) to base 4
-222302011001
-9a4580 (base 12) to base 15
-337436
-21202335 (base 6) to base 15
-c4748
Convert 1876cc (base 16) to base 9.
3013247
13145213 (base 6) to base 13
122727
Convert a82b6 (base 13) to base 3.
120102120011
-4133110 (base 6) to base 13
-6c750
Convert 10113103031 (base 4) to base 5.
243102023
Convert -25b17c0 (base 13) to base 2.
-101101000111101001001110
What is -101001010101101100000001 (base 2) in base 4?
-221111230001
Convert -52055403 (base 6) to base 11.
-935552
-302011231 (base 4) to base 12
-9a891
Convert 91f4f (base 16) to base 2.
10010001111101001111
-a264a5 (base 15) to base 6
-433215345
-1882400 (base 10) to base 9
-3478145
-414203000 (base 5) to base 16
-1a16b6
What is -211210010110 (base 3) in base 13?
-129156
What is 6747485 (base 11) in base 5?
11011401211
Convert 1020222022010 (base 3) to base 6.
22155520
Convert -2010000202202 (base 3) to base 9.
-2100682
What is 188008 (base 10) in base 16?
2de68
Convert 110101100010000 (base 2) to base 10.
27408
What is -2fadf (base 16) in base 13?
-6ab79
-162492 (base 12) to base 6
-12031102
What is -1000010000111100111 (base 2) in base 8?
-1020747
-21622007 (base 8) to base 12
-168a0b3
Convert 6a6447 (base 15) to base 12.
1851b71
What is -88e39 (base 16) in base 5?
-120420242
Convert -1043523 (base 7) to base 11.
-88639
What is 4231320 (base 7) in base 5?
112340132
What is -2519428 (base 11) in base 14?
-81c807
Convert 2432303 (base 6) to base 4.
133131033
Convert 3533332 (base 9) to base 13.
51c1b8
What is -113032303 (base 4) in base 11?
-65545
What is 11011001110011000101 (base 2) in base 14?
193177
What is -34341131 (base 5) in base 9?
-520670
167c249 (base 13) to base 14
d7773b
Convert -11112011 (base 3) to base 13.
-1669
What is -101305220 (base 6) in base 15?
-248b29
220222011011 (base 3) to base 5
111211313
-1212331110 (base 4) to base 12
-184070
What is 6338411 (base 9) in base 14?
644042
Convert -126b492 (base 12) to base 11.
-2058652
Convert -1001110000111101001 (base 2) to base 6.
-10505213
Convert -56d11 (base 15) to base 8.
-1033534
Convert 7244 (base 12) to base 15.
3a41
What is -10110112 (base 4) in base 3?
-220021001
What is -120023213 (base 5) in base 11?
-34515a
What is 112310222333 (base 4) in base 9?
12228008
-13211141 (base 5) to base 9
-221117
763750 (base 9) to base 10
455508
-4200211 (base 5) to base 3
-10111101101
Convert -56661 (base 8) to base 7.
-126633
-1478317 (base 9) to base 13
-229105
-13558 (base 13) to base 4
-20303212
Convert 6034524 (base 8) to base 2.
110000011100101010100
What is 92875a (base 16) in base 3?
200001212201012
Convert 12112201220 (base 3) to base 12.
53206
-101001000010000100010 (base 2) to base 9
-2468330
111c4 (base 14) to base 6
520132
Convert 158855 (base 16) to base 15.
1cd1c2
What is -530753 (base 11) in base 13?
-239c10
-137422 (base 9) to base 4
-110203103
Convert -1317143 (base 12) to base 3.
-21002022022020
-9a803 (base 11) to base 5
-14133200
Convert 1201202002111 (base 3) to base 12.
384541
Convert 2424203 (base 11) to base 9.
7844657
What is -1201120112 (base 3) in base 16?
-84a1
What is 3353322 (base 6) in base 7?
1310135
Convert 2101112001222 (base 3) to base 8.
4660323
Convert 10100210 (base 4) to base 7.
101600
-13232222332 (base 4) to base 13
-55c327
Convert 15420 (base 10) to base 11.
10649
-13234276 (base 9) to base 7
-106255362
Convert -4b07a (base 14) to base 4.
-230322110
2e9db (base 15) to base 5
14310411
-65122401 (base 7) to base 3
-101110001220110
602664 (base 7) to base 16
18dec
-14044 (base 16) to base 15
-1945d
Convert -110200111200222 (base 3) to base 7.
-111205511
Convert 4a20237 (base 11) to base 3.
121102100020222
What is 11122243 (base 5) in base 12?
48b80
What is 550998 (base 11) in base 16?
d6c28
Convert -135483 (base 13) to base 16.
-72708
-36430462 (base 7) to base 2
-1100011001101111111010
Convert 413312215 (base 6) to base 10.
7163507
-3e978 (base 16) to base 4
-332211320
Convert 3102032123 (base 4) to base 8.
3221633
-16630506 (base 8) to base 2
-1110110011000101000110
Convert 11380 (base 15) to base 4.
31120023
Convert -254440221 (base 6) to base 5.
-2233410114
70386 (base 10) to base 14
1b918
What is -155151 (base 8) in base 10?
-55913
10022440 (base 5) to base 15
18965
Convert a0371a (base 14) to base 5.
2334402433
What is -10511321 (base 7) in base 13?
-25b563
Convert -1353550 (base 7) to base 12.
-88b74
What is 1203424 (base 5) in base 7?
122126
Convert 603b20 (base